d)?
-1
Let m = -73 - -79. Let z(c) = -c**3 + c**2 + 1. Let o(r) = -5*r**3 + 11*r**2 - 6*r - 1. Let p(i) = -o(i) + 4*z(i). Calculate p(m).
5
Suppose -2*z - 6 = o, -3*z = -o - 4*o + 9. Let b be 1/(-7) - 75/(-35). Let j(r) = -b + 9 - 3 + 3*r. What is j(z)?
-5
Suppose -4 = w - 0. Let u(k) = -k**2 + 1. Let p(b) = b**3 + 8*b**2 + b - 5. Let j(o) = w*u(o) - p(o). Let m = 3 + -6. What is j(m)?
-5
Let i be 4/16 + 126/8. Suppose -5*z + 12 = -k, 4*z + 0*k - 4*k - i = 0. Let o be (z/4)/((-2)/16). Let v(l) = l - 2. Determine v(o).
-6
Let q(b) = -b. Suppose -14 = -0*s - 2*s. What is q(s)?
-7
Let a(x) be the first derivative of -3*x**2/2 + x - 220. Let y be (-3 - -2) + 1 - 5. Calculate a(y).
16
Let z(b) = -3*b + 1. Let k be z(-1). Let q(n) be the third derivative of -1/120*n**6 + 1/12*n**5 + 0*n + 0 - 1/4*n**4 + 1/6*n**3 + 4*n**2. Determine q(k).
-7
Suppose 0 = 6*a - 2*a - 8. Let n = 19 - 19. Let u(r) = 3*r + 1 - 4*r + r**2 + n*r. Give u(a).
3
Let c(a) = 2*a**2 - 22*a**2 - 3*a**3 + 22*a**2 - 1 + 2*a. Give c(2).
-13
Let h(r) = r**3 + 9*r**2 - 3*r + 7. Suppose 14*l - 15*l - 4 = 0. Let d(g) = -2*g**3 - 17*g**2 + 7*g - 14. Let y(b) = l*d(b) - 7*h(b). Determine y(-6).
13
Let w(y) = -2 + 3*y - 5*y + 7*y - y. Give w(6).
22
Let h(a) = -a - 7. Let w be -1*8/(-44) - 1264/176. Calculate h(w).
0
Let p(z) = 6*z - 4. Let a = -670 - -672. What is p(a)?
8
Let g(s) be the second derivative of -s**4/12 + s**2 + 19*s. Let z = -7 + 7. Suppose y - 2 + z = 0. What is g(y)?
-2
Let n(p) = -p**3 - 4*p**2 + 3*p - 5. Let h be (-2)/(1 - (-21)/(-15)). Suppose 0*s + h = -s. Calculate n(s).
5
Let d be 40/(-30) + 8 - (-1)/3. Let m(w) be the third derivative of -2*w**4/3 - 2*w**3/3 + w**2. Let a(l) = -33*l - 9. Let u(p) = d*m(p) - 3*a(p). Give u(-1).
12
Suppose 3*h = -0*h - 15, -4*j - 4*h = 4. Let x(v) be the second derivative of -v**3/6 + 5*v**2/2 - 34*v. Determine x(j).
1
Let u be ((-3)/(-4))/(114/96 + -1). Let w(v) = -v. Determine w(u).
-4
Let j(s) = 9*s - 28*s - 2 + 9*s + 12*s. Determine j(4).
6
Let v(n) be the second derivative of n**4/12 + 7*n**3/6 - 5*n**2/2 + 3*n + 10. Give v(-6).
-11
Let c(d) be the second derivative of 3/2*d**3 - d**2 + 0*d**4 + 0 - 1/60*d**5 - 5*d. Let s(k) be the first derivative of c(k). Give s(0).
9
Let n(c) = 9*c**2 - 2 + 4*c**2 + 12*c - 20*c + 5*c. What is n(-1)?
14
Let c(u) be the third derivative of -u**6/360 + u**5/120 + u**4/8 + 47*u**3/6 + 54*u**2. Let h(i) be the first derivative of c(i). Calculate h(0).
3
Let x(l) = l. Let s be x(4). Let j(w) = -w**2 - 10. Let o(k) = -15*k + 29 + 5*k + 3*k**2 + 9*k. Let b(n) = 11*j(n) + 4*o(n). Calculate b(s).
6
Let n = -145 - -147. Let m(q) be the first derivative of n + 1/4*q**4 - 2*q**2 - 3*q - 1/3*q**3. Calculate m(-2).
-7
Let n(t) = -t**2 + 389*t**3 - 2*t**2 - 390*t**3 - 1 - t. Give n(-3).
2
Let k(r) = -292*r + 287*r + r**3 + 3 - 3*r**2 + r**2. Let v be (-14 + 10)*(-3)/4. Calculate k(v).
-3
Suppose 22*u = 16*u + 66. Let z(r) = -10*r**2 + 19*r + 46. Let m(w) = -2*w**2 + 4*w + 9. Let b(q) = u*m(q) - 2*z(q). Determine b(5).
-13
Let q = 10 + -10. Let x be q + 4 + 2/(-2). Let p(s) = 0*s + 5*s - x*s - 2. What is p(3)?
4
Let c = -26 + 25. Let w(q) = -4*q**3 + 4*q**2 + q - 2. Let o(j) = -j**3 + j**2. Let t(n) = c*w(n) + 5*o(n). Determine t(2).
-4
Suppose -4*v - 35 = 5*y - 5*v, -14 = -y - 4*v. Let k(r) = -r**3 - 6*r**2 - r - 7. Calculate k(y).
-1
Let c(u) = 3*u**2 + 59*u - 27. Let m be c(-20). Let v(h) = 7*h + 36. What is v(m)?
-13
Let s(h) = 3*h + 6. Let w be s(0). Let v(k) = -2*k**3 - 5*k**2 + 8*k**3 - 5*k + 1 - 10. Let g(o) = o**3 - 1. Let f(p) = 5*g(p) - v(p). Give f(w).
-2
Let j(p) = -p**2 + p + 1. Let o(w) = -4*w**2 + w + 9. Let f = 27 - 3. Let x = f + -25. Let g(m) = x*o(m) + 5*j(m). Determine g(4).
-4
Let x(q) be the first derivative of 3*q - 1/3*q**3 + 33 - 1/2*q**2. Determine x(-3).
-3
Let w(b) = 2 + 0 + 7*b**2 + 3*b - 5*b + 9*b + b**3. Suppose 8 = -2*q - 2. Calculate w(q).
17
Let a = 40 - 15. Suppose -5*m + a = 0, -3*p - 17 = -5*m + 2. Let j(o) = 4*o**2. Give j(p).
16
Let z(k) = -5*k**3 + 5*k**2 - 4*k + 11. Let g(w) = w**3 + w - 1. Let c(n) = 4*g(n) + z(n). Suppose 2*t = 2*p - 10, 10*p - 15 = 7*p - 2*t. Give c(p).
7
Let n(b) be the first derivative of 5*b**2/2 - 84. Calculate n(1).
5
Let o(h) = h**2 + h + 2. Let k(q) = -129*q**2 + q**3 + 130*q**2 - 2 + 2*q - 2*q**3. Let l be k(1). What is o(l)?
2
Let r(j) = -2*j**3 - 7*j**2 - 9*j - 26. Let k be r(-3). Let v(w) = -w**3 - 9*w**2 - 3*w + 9. Calculate v(k).
-31
Let u(m) be the first derivative of m**3/3 - 3*m**2/2 + 2*m + 279. Let b(a) = a - 1. Let h be b(3). What is u(h)?
0
Suppose 68 - 20 = -16*r. Let p(c) = c**3 + 7*c**2 + 2*c. Give p(r).
30
Let j(c) = 4 + 298*c**3 - 4*c - 603*c**3 + 3 + 3*c + 304*c**3. Determine j(3).
-23
Let i(u) = u**3 + 7*u**2 - 7*u + 4. Let k be i(-8). Let j(y) be the first derivative of -y**4/4 - 2*y**3/3 + 3*y**2 + 3*y + 40. Give j(k).
11
Let y(p) = 0*p + 0 + 1 - p. Let g be (2/4)/(1/6). Suppose 15 = -3*c + 5*c + h, 0 = g*h - 15. What is y(c)?
-4
Let h(f) = -f**3 - 4*f**2 + 7*f + 3. Suppose -2*k + k = -5. Let d be 10*(k/(-10))/1. Give h(d).
-7
Suppose -3*s - 205 = k - 3*k, 3*s - 3*k + 201 = 0. Let g = -69 - s. Let i(t) = -4*t**3 + 2*t**2 + t - 1. Determine i(g).
-23
Let x = -4950 - -4949. Let v(n) = n**3 - 3*n**2 + 4*n - 5. Let a(r) = r**3 - 4*r**2 + 5*r - 6. Let h(i) = -4*a(i) + 5*v(i). Calculate h(x).
-1
Suppose -d + 0*d = -24. Suppose -d = -27*w + 24*w. Let m(p) = -p + 6. Determine m(w).
-2
Let i(x) be the third derivative of x**6/360 + x**5/120 + x**4/12 + 4*x**3/3 - 7*x**2. Let t(y) be the first derivative of i(y). Determine t(-3).
8
Let i(f) = -f + 1. Let b(w) = -3*w - 7. Let p(l) = -b(l) - 6*i(l). Let n(r) = 9*r + 1. Let h(g) = 6*n(g) - 5*p(g). What is h(1)?
10
Suppose 0 = -3*g + 5*p - 46, -p + 39 = 8*g + 90. Let b(c) = -2*c**3 + 0*c - 7*c**2 + 7 + c**3 + c. Determine b(g).
0
Suppose -2*g + h - 18 = 0, g - h + 19 = 2*h. Let w = g + 9. Suppose -7 = z - w. Let q(f) = -f**3 - 6*f**2 - 5*f - 1. Calculate q(z).
-1
Suppose 0 = -6*u + 599 - 623. Let x(g) be the third derivative of g**5/60 + g**4/4 + 2*g**2. What is x(u)?
-8
Let i be 3/(((-8)/4)/(-4)). Let v(g) = 0 - 5 + 5 + 1. Let u(s) = -s - 3. Let q(b) = i*v(b) - u(b). What is q(-5)?
4
Let l(n) = 8*n**2 + 4. Let u(o) = -9*o**2 + o - 4. Let x(v) = 7*l(v) + 6*u(v). Let q = 130 - 134. Calculate x(q).
12
Let b be 72/20 - 3 - 21/(-15). Let x(j) = -2 + 5*j**2 + j - 13*j**b + 3*j**2 + j**3. Determine x(5).
3
Let x(o) = -o**2 + 23*o + 1. Let n be x(23). Let v(z) = -37*z**2 - 2*z + 1. Determine v(n).
-38
Let a(t) be the first derivative of -t**4/4 + 7*t**3/3 + 5*t**2/2 + 19*t - 674. Calculate a(8).
-5
Let p be ((-4)/5)/((-12)/30). Let t(a) = -5 - a**2 + 3*a + 0*a + 6. Let k(j) = -5*j**2 + 12*j + 5. Let s(w) = -2*k(w) + 9*t(w). Give s(p).
9
Let o(n) = n**3 - 33*n**2 + 64*n - 65. Let c be o(31). Let g(i) = -i**3 - 3*i**2 + 3*i - 3. What is g(c)?
-12
Suppose d + 3*x = 1, -4*x - 1 = d - 2. Let j be d/(0 - (-2)/4). Suppose v = -j*q - q, 0 = 2*v + q - 5. Let n(i) = i + 1. What is n(v)?
4
Let i(y) = 6*y - 14 + 14 - y**2 + 1. Give i(4).
9
Let m(w) = -2*w**2 - 3*w. Let u(p) = -p**2 - p - 1. Suppose 5*n + t = -t + 3, 5*n - 4*t - 9 = 0. Let c(g) = n*m(g) - 3*u(g). Determine c(-3).
12
Let y(x) be the second derivative of 0*x**2 - 15*x + 0 - 1/3*x**3. What is y(-6)?
12
Let b = 1193/717 - -2/717. Let p(r) be the first derivative of 6*r - 6 - b*r**3 - 4*r**2 + 1/4*r**4. What is p(6)?
-6
Let u be (-1)/((21/(-30))/(-7)). Let t be 12/30 + (-56)/u. Let g(w) = 3 + 3*w - t - 2*w. What is g(4)?
1
Let f = 9 + -2. Let d be (1/3)/(20/660). Suppose u - d = 4*h, -4*h + f = -u - 6*h. Let i(w) = 3*w**3. What is i(u)?
-3
Let h(n) be the second derivative of n + 1/3*n**3 - 7/12*n**4 - 1/2*n**2 + 0. Let o = 145 - 144. What is h(o)?
-6
Let d(j) = 2*j - 4. Let y be (-39)/(-3) - (1 + 2). Let z be (-3)/(-12) - y/8. Let g(m) = 1. Let l(f) = z*d(f) - 6*g(f). Determine l(6).
-14
Let w be (-46)/14 + (-6)/(-21). Let j(f) = 32 - 3*f - 68 - 2*f**2 + 35. Calculate j(w).
-10
Let o = -1583 - -1580. Let b(v) be the second derivative of -v**3/2 - 3*v**2/2 - v. Determine b(o).
6
Let d(w) = w**2 - 2. Let y(r) = -5*r**2 - 9*r + 2. Let h(b) = 6*d(b) + y(b). Give h(7).
-24
Suppose -3*w = w. Let y(n) = n - 3. Let l be y(5). Let d(h) = -h**3 - 